{"id":2526,"date":"2025-04-08T15:01:31","date_gmt":"2025-04-08T13:01:31","guid":{"rendered":"https:\/\/www.outils-oceans.com\/blog\/?page_id=2526"},"modified":"2025-11-27T14:08:47","modified_gmt":"2025-11-27T13:08:47","slug":"engagement-n3-contribuer-activement-a-un-environnement-preserve","status":"publish","type":"page","link":"https:\/\/www.outils-oceans.com\/blog\/engagement-n3-contribuer-activement-a-un-environnement-preserve\/","title":{"rendered":"Contribuer activement \u00e0 un environnement pr\u00e9serv\u00e9"},"content":{"rendered":"\n<h2 class=\"wp-block-heading has-text-align-center has-h-3-font-size\"><strong><mark style=\"background-color:rgba(0, 0, 0, 0)\" class=\"has-inline-color has-color-1-color\">Gestion des ressources<\/mark><\/strong><\/h2>\n\n\n\n<p><strong><mark style=\"background-color:rgba(0, 0, 0, 0)\" class=\"has-inline-color has-color-1-color\">D\u00e8s la conception des produits<\/mark><\/strong>, Outils Oc\u00e9ans prend en compte la nature des mati\u00e8res premi\u00e8res, la consommation de mati\u00e8res premi\u00e8res et leur impact sur l\u2019environnement. Outils Oc\u00e9ans favorise dans la mesure du possible les mati\u00e8res peu polluantes \u00e0 leur fabrication et recyclables.<\/p>\n\n\n\n<p>Outils Oc\u00e9ans met en place des<strong><mark style=\"background-color:rgba(0, 0, 0, 0)\" class=\"has-inline-color has-color-1-color\"> actions pour limiter <\/mark><\/strong>les produits d\u2019emballage et donner une deuxi\u00e8me vie \u00e0 certains emballages.<\/p>\n\n\n\n<p>Outils Oc\u00e9ans <strong><mark style=\"background-color:rgba(0, 0, 0, 0)\" class=\"has-inline-color has-color-1-color\">sensibilise <\/mark><\/strong>ses salari\u00e9s aux bonnes pratiques pour pr\u00e9server l\u2019environnement : \u00e9conomie de mati\u00e8res premi\u00e8res, \u00e9conomie d\u2019\u00e9nergie, tri des d\u00e9chets, r\u00e9utilisation du papier\u2026<\/p>\n\n\n\n<div class=\"wp-block-media-text alignwide is-stacked-on-mobile is-style-shifted-background\" style=\"grid-template-columns:41% auto\"><figure class=\"wp-block-media-text__media\"><img loading=\"lazy\" decoding=\"async\" width=\"1024\" height=\"683\" src=\"https:\/\/www.outils-oceans.com\/blog\/app\/uploads\/2025\/08\/img_3170-1024x683.jpg\" alt=\"Img 3170\" class=\"wp-image-4091 size-full\" srcset=\"https:\/\/www.outils-oceans.com\/blog\/app\/uploads\/2025\/08\/img_3170-1024x683.jpg 1024w, https:\/\/www.outils-oceans.com\/blog\/app\/uploads\/2025\/08\/img_3170-300x200.jpg 300w, https:\/\/www.outils-oceans.com\/blog\/app\/uploads\/2025\/08\/img_3170-768x512.jpg 768w, https:\/\/www.outils-oceans.com\/blog\/app\/uploads\/2025\/08\/img_3170-1536x1024.jpg 1536w, https:\/\/www.outils-oceans.com\/blog\/app\/uploads\/2025\/08\/img_3170-2048x1365.jpg 2048w\" sizes=\"auto, (max-width: 1024px) 100vw, 1024px\" \/><\/figure><div class=\"wp-block-media-text__content\">\n<h2 class=\"wp-block-heading has-color-1-color has-text-color has-link-color has-h-4-font-size wp-elements-7909efdd7bdf77f87787c61540fe4f96\">\u00c9co-conception<\/h2>\n\n\n\n<p>Notre bureau d\u2019\u00e9tudes optimise la consommation de mati\u00e8res et de ressources. Nos produits sont con\u00e7us pour \u00eatre r\u00e9parables afin de les maintenir en \u00e9tat de fonctionnement pour une dur\u00e9e de vie maximale et un meilleur retour sur investissement.<\/p>\n<\/div><\/div>\n\n\n\n<div class=\"wp-block-media-text alignwide has-media-on-the-right is-stacked-on-mobile is-image-fill-element is-style-shifted-background\" style=\"grid-template-columns:auto 38%\"><div class=\"wp-block-media-text__content\">\n<h2 class=\"wp-block-heading has-color-1-color has-text-color has-link-color has-h-4-font-size wp-elements-44be51e338c8cf2c17385c7f8d9288d1\">Analyse du cycle de vie des produits<\/h2>\n\n\n\n<p>L\u2019<strong><mark style=\"background-color:rgba(0, 0, 0, 0)\" class=\"has-inline-color has-color-1-color\">analyse de Cycle de Vie <\/mark><\/strong>(ACV) d\u2019un produit vise \u00e0 \u00e9valuer syst\u00e9matiquement les effets environnementaux de la vie du produit de son berceau \u00e0 sa tombe ; c\u2019est-\u00e0-dire d\u2019\u00e9valuer les flux (de mati\u00e8res ou d\u2019\u00e9nergie) entrant et sortant \u00e0 chaque \u00e9tape de la vie d\u2019un produit, depuis l\u2019extraction des mati\u00e8res premi\u00e8res jusqu\u2019aux d\u00e9chets ultimes.<\/p>\n\n\n\n<p>Les ACV sont normalis\u00e9es par les normes ISO (14040 \u00e0 14043) depuis 1994.<\/p>\n\n\n\n<p>L\u2019utilisation de <strong><mark style=\"background-color:rgba(0, 0, 0, 0)\" class=\"has-inline-color has-color-1-color\">contenants r\u00e9utilisables<\/mark><\/strong> <strong><mark style=\"background-color:rgba(0, 0, 0, 0)\" class=\"has-inline-color has-color-1-color\">r\u00e9duit <\/mark><\/strong>consid\u00e9rablement le co\u00fbt environnemental. Gr\u00e2ce au service R\u00e9paration d\u2019Outils Oc\u00e9ans, l\u2019ACV est encore am\u00e9lior\u00e9e et le co\u00fbt environnemental est r\u00e9duit de fa\u00e7on significative.<\/p>\n\n\n\n<p>Optez pour des contenants r\u00e9utilisables et <strong><mark style=\"background-color:rgba(0, 0, 0, 0)\" class=\"has-inline-color has-color-1-color\">diminuez le co\u00fbt environnemental annuel de 100 \u00e0 200 fois&nbsp;<\/mark><\/strong>!<\/p>\n<\/div><figure class=\"wp-block-media-text__media\"><img loading=\"lazy\" decoding=\"async\" width=\"855\" height=\"570\" src=\"https:\/\/www.outils-oceans.com\/blog\/app\/uploads\/2025\/11\/housse-cadre-de-velo_outilsoceans_bd.png\" alt=\"Housse Cadre De V\u00e9lo Outilsoc\u00e9ans Bd\" class=\"wp-image-4464 size-full\" style=\"object-position:50% 50%\" srcset=\"https:\/\/www.outils-oceans.com\/blog\/app\/uploads\/2025\/11\/housse-cadre-de-velo_outilsoceans_bd.png 855w, https:\/\/www.outils-oceans.com\/blog\/app\/uploads\/2025\/11\/housse-cadre-de-velo_outilsoceans_bd-300x200.png 300w, https:\/\/www.outils-oceans.com\/blog\/app\/uploads\/2025\/11\/housse-cadre-de-velo_outilsoceans_bd-768x512.png 768w\" sizes=\"auto, (max-width: 855px) 100vw, 855px\" \/><\/figure><\/div>\n\n\n\n<div class=\"wp-block-media-text alignwide is-stacked-on-mobile is-style-shifted-background\" style=\"grid-template-columns:41% auto\"><figure class=\"wp-block-media-text__media\"><img loading=\"lazy\" decoding=\"async\" width=\"682\" height=\"1024\" src=\"https:\/\/www.outils-oceans.com\/blog\/app\/uploads\/2025\/04\/img_1551-682x1024.jpg\" alt=\"Img 1551\" class=\"wp-image-1826 size-full\" srcset=\"https:\/\/www.outils-oceans.com\/blog\/app\/uploads\/2025\/04\/img_1551-682x1024.jpg 682w, https:\/\/www.outils-oceans.com\/blog\/app\/uploads\/2025\/04\/img_1551-200x300.jpg 200w, https:\/\/www.outils-oceans.com\/blog\/app\/uploads\/2025\/04\/img_1551-768x1152.jpg 768w, https:\/\/www.outils-oceans.com\/blog\/app\/uploads\/2025\/04\/img_1551-1024x1536.jpg 1024w, https:\/\/www.outils-oceans.com\/blog\/app\/uploads\/2025\/04\/img_1551.jpg 1325w\" sizes=\"auto, (max-width: 682px) 100vw, 682px\" \/><\/figure><div class=\"wp-block-media-text__content\">\n<h2 class=\"wp-block-heading has-color-1-color has-text-color has-link-color has-h-4-font-size wp-elements-7b84704165689049c6ec84aa8262bd90\">Maintien du parc en conditions op\u00e9rationnelles&nbsp;: SAV-R\u00e9paration<\/h2>\n\n\n\n<p>Pensez \u00e0 <strong><mark style=\"background-color:rgba(0, 0, 0, 0)\" class=\"has-inline-color has-color-1-color\">notre service r\u00e9paration<\/mark><\/strong> pour donner une deuxi\u00e8me vie \u00e0 votre parc de sacs et <strong><mark style=\"background-color:rgba(0, 0, 0, 0)\" class=\"has-inline-color has-color-1-color\">r\u00e9duisez son impact environnemental.<\/mark><\/strong><\/p>\n\n\n\n<p>Les produits re\u00e7us au service r\u00e9paration sont pr\u00e9-tri\u00e9s par famille et qualifi\u00e9s \u00abR\u00e9parable\u00bb\/ \u00abNon R\u00e9parable\u00bb en fonction de ratios types prenant en compte :<\/p>\n\n\n\n<ul class=\"wp-block-list\">\n<li>Le nombre de t\u00e2ches \u00e0 effectuer<\/li>\n\n\n\n<li>Le temps moyen pour chacune de ces t\u00e2ches<\/li>\n\n\n\n<li>Le temps de fabrication d\u2019un produit \u00e9quivalent neuf<\/li>\n\n\n\n<li>Si le produit a d\u00e9j\u00e0 \u00e9t\u00e9 r\u00e9par\u00e9 et combien de fois<\/li>\n<\/ul>\n<\/div><\/div>\n\n\n\n<div class=\"wp-block-media-text alignwide has-media-on-the-right is-stacked-on-mobile is-style-shifted-background\" style=\"grid-template-columns:auto 41%\"><div class=\"wp-block-media-text__content\">\n<h2 class=\"wp-block-heading has-color-1-color has-text-color has-link-color has-h-4-font-size wp-elements-edbc439f57d87b0cdf9e3f6f0af05c15\">R\u00e9emploi<\/h2>\n\n\n\n<p>Vous avez des produits en bon \u00e9tat dont vous ne vous servez plus ?<strong><mark style=\"background-color:rgba(0, 0, 0, 0)\" class=\"has-inline-color has-color-1-color\"> Ne les jetez pas, contactez-nous ! <\/mark><\/strong>Faites-en part \u00e0 votre interlocuteur Outils Oc\u00e9ans, nous pouvons vous <strong><mark style=\"background-color:rgba(0, 0, 0, 0)\" class=\"has-inline-color has-color-1-color\">rediriger vers de nouveaux utilisateurs !<\/mark><\/strong><\/p>\n\n\n\n<p>Quelques exemples vertueux \u00e0 suivre&nbsp;: <\/p>\n\n\n\n<ul class=\"wp-block-list\">\n<li>Cas Soci\u00e9t\u00e9 G\u00e9n\u00e9rale Centre de Service Orl\u00e9ans : <\/li>\n<\/ul>\n\n\n\n<p>Ce site n\u2019utilisait plus de contenant type \u00abSac Navette\u00bb car il n\u2019y avait plus de liaison directe avec les agences. Nous l\u2019avons mis en relation avec le transporteur Sterne pour le <strong><mark style=\"background-color:rgba(0, 0, 0, 0)\" class=\"has-inline-color has-color-1-color\">r\u00e9emploi <\/mark><\/strong>de ses Sacs Navette.<\/p>\n\n\n\n<ul class=\"wp-block-list\">\n<li>Cas Cr\u00e9dit Agricole Nord de France :<\/li>\n<\/ul>\n\n\n\n<p>Ce client avait renouvel\u00e9 son parc de Sac Navette avec un nouveau mod\u00e8le \u00e9quip\u00e9 d\u2019un index frontal. Il ne souhaitait plus utiliser l\u2019ancien mod\u00e8le de \u00abSac Navette\u00bb. Nous l\u2019avons mis en relation avec le transporteur Sterne pour le <strong><mark style=\"background-color:rgba(0, 0, 0, 0)\" class=\"has-inline-color has-color-1-color\">r\u00e9emploi<\/mark><\/strong> de celles-ci.<\/p>\n\n\n\n<ul class=\"wp-block-list\">\n<li>Cas Banque Populaire Val de France : <\/li>\n<\/ul>\n\n\n\n<p>Ce client disposait d\u2019un stock de pochettes de pr\u00e9-tri inutilis\u00e9. L\u2019\u00e9quipe commerciale Outils Oc\u00e9ans s\u2019est charg\u00e9e de le <strong><mark style=\"background-color:rgba(0, 0, 0, 0)\" class=\"has-inline-color has-color-1-color\">mettre en relation avec d\u2019autres clients int\u00e9ress\u00e9s par les produits <\/mark><\/strong>et ponctuellement, a organis\u00e9 la reprise de ce stock.<\/p>\n<\/div><figure class=\"wp-block-media-text__media\"><img loading=\"lazy\" decoding=\"async\" width=\"500\" height=\"500\" src=\"https:\/\/www.outils-oceans.com\/blog\/app\/uploads\/2025\/08\/upcycling-outils-oceans.png\" alt=\"Upcycling Outils Oc\u00e9ans\" class=\"wp-image-4102 size-full\" srcset=\"https:\/\/www.outils-oceans.com\/blog\/app\/uploads\/2025\/08\/upcycling-outils-oceans.png 500w, https:\/\/www.outils-oceans.com\/blog\/app\/uploads\/2025\/08\/upcycling-outils-oceans-300x300.png 300w, https:\/\/www.outils-oceans.com\/blog\/app\/uploads\/2025\/08\/upcycling-outils-oceans-150x150.png 150w, https:\/\/www.outils-oceans.com\/blog\/app\/uploads\/2025\/08\/upcycling-outils-oceans-400x400.png 400w\" sizes=\"auto, (max-width: 500px) 100vw, 500px\" \/><\/figure><\/div>\n\n\n\n<div class=\"wp-block-media-text alignwide is-stacked-on-mobile is-style-shifted-background\" style=\"grid-template-columns:41% auto\"><figure class=\"wp-block-media-text__media\"><img loading=\"lazy\" decoding=\"async\" width=\"1024\" height=\"683\" src=\"https:\/\/www.outils-oceans.com\/blog\/app\/uploads\/2025\/04\/img_2740-2-1024x683.jpg\" alt=\"Img 2740 2\" class=\"wp-image-1060 size-full\" srcset=\"https:\/\/www.outils-oceans.com\/blog\/app\/uploads\/2025\/04\/img_2740-2-1024x683.jpg 1024w, https:\/\/www.outils-oceans.com\/blog\/app\/uploads\/2025\/04\/img_2740-2-300x200.jpg 300w, https:\/\/www.outils-oceans.com\/blog\/app\/uploads\/2025\/04\/img_2740-2-768x512.jpg 768w, https:\/\/www.outils-oceans.com\/blog\/app\/uploads\/2025\/04\/img_2740-2-1536x1024.jpg 1536w, https:\/\/www.outils-oceans.com\/blog\/app\/uploads\/2025\/04\/img_2740-2.jpg 1749w\" sizes=\"auto, (max-width: 1024px) 100vw, 1024px\" \/><\/figure><div class=\"wp-block-media-text__content\">\n<h2 class=\"wp-block-heading has-color-1-color has-text-color has-link-color has-h-4-font-size wp-elements-ec48fc44db58aeebe0c066e5b9a2ce63\">D\u00e9construction et recyclage<\/h2>\n\n\n\n<p>Le recyclage n\u00e9cessite la <strong><mark style=\"background-color:rgba(0, 0, 0, 0)\" class=\"has-inline-color has-color-1-color\">s\u00e9paration des mat\u00e9riaux<\/mark><\/strong> et donc la <strong><mark style=\"background-color:rgba(0, 0, 0, 0)\" class=\"has-inline-color has-color-1-color\">d\u00e9construction des produits<\/mark><\/strong>. Selon la typologie des produits nous <strong><mark style=\"background-color:rgba(0, 0, 0, 0)\" class=\"has-inline-color has-color-1-color\">s\u00e9parons les mati\u00e8res<\/mark><\/strong> en utilisant une presse et des emporte-pi\u00e8ces ou en utilisant une grignoteuse.<\/p>\n\n\n\n<p>Pour les produits fabriqu\u00e9s jusqu\u2019\u00e0 fin 2021 nous recyclons les produits entre 60 et 70 %&nbsp;:<\/p>\n\n\n\n<ul class=\"wp-block-list\">\n<li>Les plaques plastiques&nbsp;: Polypropyl\u00e8ne (PP) et poly\u00e9thyl\u00e8ne (PE)<\/li>\n\n\n\n<li>Les mousses PE\/EVA\/PU<\/li>\n\n\n\n<li>Les accessoires m\u00e9talliques&nbsp;: curseurs, pressions<\/li>\n<\/ul>\n\n\n\n<p>Pour les produits fabriqu\u00e9s \u00e0 partir de 2022 en tissu monomat\u00e9riau (PP) recyclable <strong><mark style=\"background-color:rgba(0, 0, 0, 0)\" class=\"has-inline-color has-color-1-color\">nous recyclerons jusqu\u2019\u00e0 98%<\/mark><\/strong> lorsque ceux-ci arriveront en fin de vie.<\/p>\n\n\n\n<p>Les m\u00e9taux sont exp\u00e9di\u00e9s \u00e0 nos fournisseurs d\u2019accessoires pour<strong><mark style=\"background-color:rgba(0, 0, 0, 0)\" class=\"has-inline-color has-color-1-color\"> r\u00e9utilisation dans leur production<\/mark><\/strong>.<\/p>\n\n\n\n<p>Les mati\u00e8res plastiques sont soit exp\u00e9di\u00e9es \u00e0 nos fournisseurs pour <strong><mark style=\"background-color:rgba(0, 0, 0, 0)\" class=\"has-inline-color has-color-1-color\">r\u00e9utilisation dans leur production<\/mark><\/strong> soit broy\u00e9es et r\u00e9utilis\u00e9es par<strong><mark style=\"background-color:rgba(0, 0, 0, 0)\" class=\"has-inline-color has-color-1-color\"> un partenaire local qui les transforme<\/mark><\/strong> en des objets pour la maison et les collectivit\u00e9s&nbsp;:<\/p>\n\n\n\n<ul class=\"wp-block-list\">\n<li>Plans de travail de cuisine<\/li>\n\n\n\n<li>Assises<\/li>\n<\/ul>\n<\/div><\/div>\n","protected":false},"excerpt":{"rendered":"<p>Gestion des ressources D\u00e8s la conception des produits, Outils Oc\u00e9ans prend en compte la nature des mati\u00e8res premi\u00e8res, la consommation de mati\u00e8res premi\u00e8res et leur impact sur l\u2019environnement. Outils Oc\u00e9ans favorise dans la mesure du possible les mati\u00e8res peu polluantes \u00e0 leur fabrication et recyclables. Outils Oc\u00e9ans met en place des actions pour limiter les [&hellip;]<\/p>\n","protected":false},"author":2,"featured_media":0,"parent":0,"menu_order":0,"comment_status":"closed","ping_status":"closed","template":"","meta":{"_acf_changed":false,"_job_offers_show_list":false,"_job_offers_list_title":"","_job_offers_list_description":"","footnotes":""},"class_list":["post-2526","page","type-page","status-publish","hentry"],"acf":[],"yoast_head":"<!-- This site is optimized with the Yoast SEO plugin v27.1.1 - https:\/\/yoast.com\/product\/yoast-seo-wordpress\/ -->\n<title>Contribuer activement \u00e0 un environnement pr\u00e9serv\u00e9 - Outils Oc\u00e9ans<\/title>\n<meta name=\"robots\" content=\"index, follow, max-snippet:-1, max-image-preview:large, max-video-preview:-1\" \/>\n<link rel=\"canonical\" href=\"https:\/\/www.outils-oceans.com\/blog\/engagement-n3-contribuer-activement-a-un-environnement-preserve\/\" \/>\n<meta property=\"og:locale\" content=\"fr_FR\" \/>\n<meta property=\"og:type\" content=\"article\" \/>\n<meta property=\"og:title\" content=\"Contribuer activement \u00e0 un environnement pr\u00e9serv\u00e9 - Outils Oc\u00e9ans\" \/>\n<meta property=\"og:description\" content=\"Gestion des ressources D\u00e8s la conception des produits, Outils Oc\u00e9ans prend en compte la nature des mati\u00e8res premi\u00e8res, la consommation de mati\u00e8res premi\u00e8res et leur impact sur l\u2019environnement. Outils Oc\u00e9ans favorise dans la mesure du possible les mati\u00e8res peu polluantes \u00e0 leur fabrication et recyclables. Outils Oc\u00e9ans met en place des actions pour limiter les [&hellip;]\" \/>\n<meta property=\"og:url\" content=\"https:\/\/www.outils-oceans.com\/blog\/engagement-n3-contribuer-activement-a-un-environnement-preserve\/\" \/>\n<meta property=\"og:site_name\" content=\"Outils Oc\u00e9ans\" \/>\n<meta property=\"article:modified_time\" content=\"2025-11-27T13:08:47+00:00\" \/>\n<meta property=\"og:image\" content=\"https:\/\/www.outils-oceans.com\/blog\/app\/uploads\/2025\/08\/img_3170-1024x683.jpg\" \/>\n<meta name=\"twitter:card\" content=\"summary_large_image\" \/>\n<meta name=\"twitter:label1\" content=\"Dur\u00e9e de lecture estim\u00e9e\" \/>\n\t<meta name=\"twitter:data1\" content=\"5 minutes\" \/>\n<script type=\"application\/ld+json\" class=\"yoast-schema-graph\">{\"@context\":\"https:\/\/schema.org\",\"@graph\":[{\"@type\":\"WebPage\",\"@id\":\"https:\/\/www.outils-oceans.com\/blog\/engagement-n3-contribuer-activement-a-un-environnement-preserve\/\",\"url\":\"https:\/\/www.outils-oceans.com\/blog\/engagement-n3-contribuer-activement-a-un-environnement-preserve\/\",\"name\":\"Contribuer activement \u00e0 un environnement pr\u00e9serv\u00e9 - Outils Oc\u00e9ans\",\"isPartOf\":{\"@id\":\"https:\/\/www.outils-oceans.com\/blog\/#website\"},\"primaryImageOfPage\":{\"@id\":\"https:\/\/www.outils-oceans.com\/blog\/engagement-n3-contribuer-activement-a-un-environnement-preserve\/#primaryimage\"},\"image\":{\"@id\":\"https:\/\/www.outils-oceans.com\/blog\/engagement-n3-contribuer-activement-a-un-environnement-preserve\/#primaryimage\"},\"thumbnailUrl\":\"https:\/\/www.outils-oceans.com\/blog\/app\/uploads\/2025\/08\/img_3170-1024x683.jpg\",\"datePublished\":\"2025-04-08T13:01:31+00:00\",\"dateModified\":\"2025-11-27T13:08:47+00:00\",\"breadcrumb\":{\"@id\":\"https:\/\/www.outils-oceans.com\/blog\/engagement-n3-contribuer-activement-a-un-environnement-preserve\/#breadcrumb\"},\"inLanguage\":\"fr-FR\",\"potentialAction\":[{\"@type\":\"ReadAction\",\"target\":[\"https:\/\/www.outils-oceans.com\/blog\/engagement-n3-contribuer-activement-a-un-environnement-preserve\/\"]}]},{\"@type\":\"ImageObject\",\"inLanguage\":\"fr-FR\",\"@id\":\"https:\/\/www.outils-oceans.com\/blog\/engagement-n3-contribuer-activement-a-un-environnement-preserve\/#primaryimage\",\"url\":\"https:\/\/www.outils-oceans.com\/blog\/app\/uploads\/2025\/08\/img_3170-scaled.jpg\",\"contentUrl\":\"https:\/\/www.outils-oceans.com\/blog\/app\/uploads\/2025\/08\/img_3170-scaled.jpg\",\"width\":2560,\"height\":1707,\"caption\":\"Img 3170\"},{\"@type\":\"BreadcrumbList\",\"@id\":\"https:\/\/www.outils-oceans.com\/blog\/engagement-n3-contribuer-activement-a-un-environnement-preserve\/#breadcrumb\",\"itemListElement\":[{\"@type\":\"ListItem\",\"position\":1,\"name\":\"Accueil\",\"item\":\"https:\/\/www.outils-oceans.com\/blog\/\"},{\"@type\":\"ListItem\",\"position\":2,\"name\":\"Contribuer activement \u00e0 un environnement pr\u00e9serv\u00e9\"}]},{\"@type\":\"WebSite\",\"@id\":\"https:\/\/www.outils-oceans.com\/blog\/#website\",\"url\":\"https:\/\/www.outils-oceans.com\/blog\/\",\"name\":\"Outils Oc\u00e9ans\",\"description\":\"\",\"potentialAction\":[{\"@type\":\"SearchAction\",\"target\":{\"@type\":\"EntryPoint\",\"urlTemplate\":\"https:\/\/www.outils-oceans.com\/blog\/?s={search_term_string}\"},\"query-input\":{\"@type\":\"PropertyValueSpecification\",\"valueRequired\":true,\"valueName\":\"search_term_string\"}}],\"inLanguage\":\"fr-FR\"}]}<\/script>\n<!-- \/ Yoast SEO plugin. -->","yoast_head_json":{"title":"Contribuer activement \u00e0 un environnement pr\u00e9serv\u00e9 - Outils Oc\u00e9ans","robots":{"index":"index","follow":"follow","max-snippet":"max-snippet:-1","max-image-preview":"max-image-preview:large","max-video-preview":"max-video-preview:-1"},"canonical":"https:\/\/www.outils-oceans.com\/blog\/engagement-n3-contribuer-activement-a-un-environnement-preserve\/","og_locale":"fr_FR","og_type":"article","og_title":"Contribuer activement \u00e0 un environnement pr\u00e9serv\u00e9 - Outils Oc\u00e9ans","og_description":"Gestion des ressources D\u00e8s la conception des produits, Outils Oc\u00e9ans prend en compte la nature des mati\u00e8res premi\u00e8res, la consommation de mati\u00e8res premi\u00e8res et leur impact sur l\u2019environnement. Outils Oc\u00e9ans favorise dans la mesure du possible les mati\u00e8res peu polluantes \u00e0 leur fabrication et recyclables. Outils Oc\u00e9ans met en place des actions pour limiter les [&hellip;]","og_url":"https:\/\/www.outils-oceans.com\/blog\/engagement-n3-contribuer-activement-a-un-environnement-preserve\/","og_site_name":"Outils Oc\u00e9ans","article_modified_time":"2025-11-27T13:08:47+00:00","og_image":[{"url":"https:\/\/www.outils-oceans.com\/blog\/app\/uploads\/2025\/08\/img_3170-1024x683.jpg","type":"","width":"","height":""}],"twitter_card":"summary_large_image","twitter_misc":{"Dur\u00e9e de lecture estim\u00e9e":"5 minutes"},"schema":{"@context":"https:\/\/schema.org","@graph":[{"@type":"WebPage","@id":"https:\/\/www.outils-oceans.com\/blog\/engagement-n3-contribuer-activement-a-un-environnement-preserve\/","url":"https:\/\/www.outils-oceans.com\/blog\/engagement-n3-contribuer-activement-a-un-environnement-preserve\/","name":"Contribuer activement \u00e0 un environnement pr\u00e9serv\u00e9 - Outils Oc\u00e9ans","isPartOf":{"@id":"https:\/\/www.outils-oceans.com\/blog\/#website"},"primaryImageOfPage":{"@id":"https:\/\/www.outils-oceans.com\/blog\/engagement-n3-contribuer-activement-a-un-environnement-preserve\/#primaryimage"},"image":{"@id":"https:\/\/www.outils-oceans.com\/blog\/engagement-n3-contribuer-activement-a-un-environnement-preserve\/#primaryimage"},"thumbnailUrl":"https:\/\/www.outils-oceans.com\/blog\/app\/uploads\/2025\/08\/img_3170-1024x683.jpg","datePublished":"2025-04-08T13:01:31+00:00","dateModified":"2025-11-27T13:08:47+00:00","breadcrumb":{"@id":"https:\/\/www.outils-oceans.com\/blog\/engagement-n3-contribuer-activement-a-un-environnement-preserve\/#breadcrumb"},"inLanguage":"fr-FR","potentialAction":[{"@type":"ReadAction","target":["https:\/\/www.outils-oceans.com\/blog\/engagement-n3-contribuer-activement-a-un-environnement-preserve\/"]}]},{"@type":"ImageObject","inLanguage":"fr-FR","@id":"https:\/\/www.outils-oceans.com\/blog\/engagement-n3-contribuer-activement-a-un-environnement-preserve\/#primaryimage","url":"https:\/\/www.outils-oceans.com\/blog\/app\/uploads\/2025\/08\/img_3170-scaled.jpg","contentUrl":"https:\/\/www.outils-oceans.com\/blog\/app\/uploads\/2025\/08\/img_3170-scaled.jpg","width":2560,"height":1707,"caption":"Img 3170"},{"@type":"BreadcrumbList","@id":"https:\/\/www.outils-oceans.com\/blog\/engagement-n3-contribuer-activement-a-un-environnement-preserve\/#breadcrumb","itemListElement":[{"@type":"ListItem","position":1,"name":"Accueil","item":"https:\/\/www.outils-oceans.com\/blog\/"},{"@type":"ListItem","position":2,"name":"Contribuer activement \u00e0 un environnement pr\u00e9serv\u00e9"}]},{"@type":"WebSite","@id":"https:\/\/www.outils-oceans.com\/blog\/#website","url":"https:\/\/www.outils-oceans.com\/blog\/","name":"Outils Oc\u00e9ans","description":"","potentialAction":[{"@type":"SearchAction","target":{"@type":"EntryPoint","urlTemplate":"https:\/\/www.outils-oceans.com\/blog\/?s={search_term_string}"},"query-input":{"@type":"PropertyValueSpecification","valueRequired":true,"valueName":"search_term_string"}}],"inLanguage":"fr-FR"}]}},"_links":{"self":[{"href":"https:\/\/www.outils-oceans.com\/blog\/wp-json\/wp\/v2\/pages\/2526","targetHints":{"allow":["GET"]}}],"collection":[{"href":"https:\/\/www.outils-oceans.com\/blog\/wp-json\/wp\/v2\/pages"}],"about":[{"href":"https:\/\/www.outils-oceans.com\/blog\/wp-json\/wp\/v2\/types\/page"}],"author":[{"embeddable":true,"href":"https:\/\/www.outils-oceans.com\/blog\/wp-json\/wp\/v2\/users\/2"}],"replies":[{"embeddable":true,"href":"https:\/\/www.outils-oceans.com\/blog\/wp-json\/wp\/v2\/comments?post=2526"}],"version-history":[{"count":16,"href":"https:\/\/www.outils-oceans.com\/blog\/wp-json\/wp\/v2\/pages\/2526\/revisions"}],"predecessor-version":[{"id":4466,"href":"https:\/\/www.outils-oceans.com\/blog\/wp-json\/wp\/v2\/pages\/2526\/revisions\/4466"}],"wp:attachment":[{"href":"https:\/\/www.outils-oceans.com\/blog\/wp-json\/wp\/v2\/media?parent=2526"}],"curies":[{"name":"wp","href":"https:\/\/api.w.org\/{rel}","templated":true}]}}