{"id":2570,"date":"2025-04-08T16:50:27","date_gmt":"2025-04-08T14:50:27","guid":{"rendered":"https:\/\/www.outils-oceans.com\/blog\/?page_id=2570"},"modified":"2025-09-02T09:28:44","modified_gmt":"2025-09-02T07:28:44","slug":"devenir-revendeur","status":"publish","type":"page","link":"https:\/\/www.outils-oceans.com\/blog\/devenir-revendeur\/","title":{"rendered":"Devenir revendeur"},"content":{"rendered":"\n<h2 class=\"wp-block-heading has-text-align-center has-color-1-color has-text-color has-link-color wp-elements-91c89046fbee67ae56e276e000dd4d41\"><strong>Devenir revendeur<\/strong><\/h2>\n\n\n\n<p><strong><mark style=\"background-color:rgba(0, 0, 0, 0)\" class=\"has-inline-color has-color-1-color\">Depuis plus de 10 ans<\/mark><\/strong> Outils Oc\u00e9ans d\u00e9veloppe une strat\u00e9gie de vente indirecte par un r\u00e9seau de partenaires revendeurs. Vous souhaitez rejoindre l\u2019aventure&nbsp;? D\u00e9couvrez la relation gagnant-gagnant que nous entretenons avec nos revendeurs.<\/p>\n\n\n\n<div class=\"wp-block-media-text alignwide has-media-on-the-right is-stacked-on-mobile is-style-shifted-background\" style=\"grid-template-columns:auto 41%\"><div class=\"wp-block-media-text__content\">\n<figure class=\"wp-block-image size-full is-resized\"><img decoding=\"async\" src=\"https:\/\/www.outils-oceans.com\/blog\/app\/uploads\/2025\/02\/heritage.svg\" alt=\"Heritage\" class=\"wp-image-602\" style=\"width:63px;height:auto\"\/><\/figure>\n\n\n\n<h2 class=\"wp-block-heading has-color-1-color has-text-color has-link-color has-h-4-font-size wp-elements-ab383b5c8e62db278c1cc564c5aa7779\"><strong><strong>Magasin<\/strong><\/strong><\/h2>\n\n\n\n<p>Le <strong><mark style=\"background-color:rgba(0, 0, 0, 0)\" class=\"has-inline-color has-color-1-color\">client final a souvent besoin<\/mark><\/strong> de voir, toucher, manipuler nos produits pour percevoir la qualit\u00e9 de fabrication et \u00e9valuer les dimensions et les am\u00e9nagements. Afin de renforcer notre pr\u00e9sence \u00e0<strong><mark style=\"background-color:rgba(0, 0, 0, 0)\" class=\"has-inline-color has-color-1-color\"> proximit\u00e9 des utilisateurs<\/mark><\/strong> nous int\u00e9grons r\u00e9guli\u00e8rement de <strong><mark style=\"background-color:rgba(0, 0, 0, 0)\" class=\"has-inline-color has-color-1-color\">nouveaux points de vente partenaires <\/mark><\/strong>en France et \u00e0 l\u2019international.<\/p>\n\n\n\n<p>Nos produits sont cat\u00e9goris\u00e9s en accessoires, n\u00e9anmoins, ils apportent de l\u2019innovation, des am\u00e9nagements astucieux,<strong><mark style=\"background-color:rgba(0, 0, 0, 0)\" class=\"has-inline-color has-color-1-color\"> une marque reconnue pour la durabilit\u00e9<\/mark><\/strong>. Gr\u00e2ce \u00e0 ces sp\u00e9cificit\u00e9s ils vous font b\u00e9n\u00e9ficier d\u2019une forte rotation en magasin.<\/p>\n\n\n\n<p>Nous vous apportons un <strong><mark style=\"background-color:rgba(0, 0, 0, 0)\" class=\"has-inline-color has-color-1-color\">soutien marketing pour vous aider<\/mark><\/strong> \u00e0 la mise en valeur des produits sur vos points de vente&nbsp;: produits faciles \u00e0 brocher en gondole pour avoir un facing attrayant, d\u00e9clinaison de designs\/couleurs\/dimensions, kak\u00e9monos, frontons, \u00e9tiquettes \u00ab&nbsp;entoure-prix&nbsp;\u00bb, stickers, plaquette produit attach\u00e9e \u00e0 chaque produit, vid\u00e9os de pr\u00e9sentation et mise en situation.<\/p>\n<\/div><figure class=\"wp-block-media-text__media\"><img loading=\"lazy\" decoding=\"async\" width=\"736\" height=\"1024\" src=\"https:\/\/www.outils-oceans.com\/blog\/app\/uploads\/2025\/08\/img_6898-736x1024.jpg\" alt=\"Img 6898\" class=\"wp-image-4054 size-full\" srcset=\"https:\/\/www.outils-oceans.com\/blog\/app\/uploads\/2025\/08\/img_6898-736x1024.jpg 736w, https:\/\/www.outils-oceans.com\/blog\/app\/uploads\/2025\/08\/img_6898-216x300.jpg 216w, https:\/\/www.outils-oceans.com\/blog\/app\/uploads\/2025\/08\/img_6898-768x1069.jpg 768w, https:\/\/www.outils-oceans.com\/blog\/app\/uploads\/2025\/08\/img_6898-1103x1536.jpg 1103w, https:\/\/www.outils-oceans.com\/blog\/app\/uploads\/2025\/08\/img_6898-1471x2048.jpg 1471w, https:\/\/www.outils-oceans.com\/blog\/app\/uploads\/2025\/08\/img_6898-scaled.jpg 1839w\" sizes=\"auto, (max-width: 736px) 100vw, 736px\" \/><\/figure><\/div>\n\n\n\n<div class=\"wp-block-media-text alignwide is-stacked-on-mobile is-style-shifted-background\" style=\"grid-template-columns:41% auto\"><figure class=\"wp-block-media-text__media\"><img loading=\"lazy\" decoding=\"async\" width=\"1024\" height=\"651\" src=\"https:\/\/www.outils-oceans.com\/blog\/app\/uploads\/2025\/07\/vue-rapprochee-de-l-entrepot-1024x651.jpg\" alt=\"Vue Rapprochee De L Entrepot\" class=\"wp-image-3700 size-full\" srcset=\"https:\/\/www.outils-oceans.com\/blog\/app\/uploads\/2025\/07\/vue-rapprochee-de-l-entrepot-1024x651.jpg 1024w, https:\/\/www.outils-oceans.com\/blog\/app\/uploads\/2025\/07\/vue-rapprochee-de-l-entrepot-300x191.jpg 300w, https:\/\/www.outils-oceans.com\/blog\/app\/uploads\/2025\/07\/vue-rapprochee-de-l-entrepot-768x488.jpg 768w, https:\/\/www.outils-oceans.com\/blog\/app\/uploads\/2025\/07\/vue-rapprochee-de-l-entrepot-1536x977.jpg 1536w, https:\/\/www.outils-oceans.com\/blog\/app\/uploads\/2025\/07\/vue-rapprochee-de-l-entrepot-2048x1302.jpg 2048w\" sizes=\"auto, (max-width: 1024px) 100vw, 1024px\" \/><\/figure><div class=\"wp-block-media-text__content\">\n<figure class=\"wp-block-image size-full is-resized\"><img decoding=\"async\" src=\"https:\/\/www.outils-oceans.com\/blog\/app\/uploads\/2025\/02\/ingenierie.svg\" alt=\"Ingenierie\" class=\"wp-image-606\" style=\"width:63px;height:auto\"\/><\/figure>\n\n\n\n<h2 class=\"wp-block-heading has-color-1-color has-text-color has-link-color has-h-4-font-size wp-elements-dc2f432ccb6924bcde3000862abc5eb1\"><strong><strong>Centrale \/ grossiste<\/strong><\/strong><\/h2>\n\n\n\n<p>La notori\u00e9t\u00e9 de notre marque <strong><mark style=\"background-color:rgba(0, 0, 0, 0)\" class=\"has-inline-color has-color-1-color\">g\u00e9n\u00e8re des demandes partout dans le monde<\/mark><\/strong>. La logistique est souvent un frein pour livrer de petites commandes unitaires directement \u00e0 un magasin ou \u00e0 un utilisateur final avec un prix attractif.<\/p>\n\n\n\n<p>Nos centrales et grossistes sont<strong><mark style=\"background-color:rgba(0, 0, 0, 0)\" class=\"has-inline-color has-color-1-color\"> des partenaires importants<\/mark><\/strong> qui nous permettent de mettre en place un stock de produits de proximit\u00e9 et un r\u00e9seau de revendeurs de confiance. Nous souhaitons \u00e9tendre notre pr\u00e9sence sur les territoires en<strong><mark style=\"background-color:rgba(0, 0, 0, 0)\" class=\"has-inline-color has-color-1-color\"> France et \u00e0 l\u2019international<\/mark><\/strong> gr\u00e2ce \u00e0 vous.<\/p>\n\n\n\n<p>Lorsqu\u2019un partenaire est en place sur un territoire nous transmettons nos propres leads vers celui-ci pour r\u00e9aliser la vente.<\/p>\n\n\n\n<p>Nous <strong><mark style=\"background-color:rgba(0, 0, 0, 0)\" class=\"has-inline-color has-color-1-color\">soutenons nos partenaires<\/mark><\/strong> au travers d\u2019\u00e9v\u00e9nements organis\u00e9s conjointement tels que formations produits \u00e0 destination des commerciaux, aide \u00e0 la pr\u00e9sentation des produits et animation sur salons.<\/p>\n\n\n\n<p>Nous vous accompagnons au niveau de la communication sur vos catalogues, votre site web, les r\u00e9seaux sociaux.<\/p>\n<\/div><\/div>\n\n\n\n<div class=\"wp-block-media-text alignwide has-media-on-the-right is-stacked-on-mobile is-style-shifted-background\" style=\"grid-template-columns:auto 41%\"><div class=\"wp-block-media-text__content\">\n<figure class=\"wp-block-image size-full is-resized\"><img decoding=\"async\" src=\"https:\/\/www.outils-oceans.com\/blog\/app\/uploads\/2025\/02\/humain.svg\" alt=\"Humain\" class=\"wp-image-604\" style=\"width:63px;height:auto\"\/><\/figure>\n\n\n\n<h2 class=\"wp-block-heading has-color-1-color has-text-color has-link-color has-h-4-font-size wp-elements-40797c52076ba8279bb95517ef5fb0b3\"><strong><strong>E-commerce, MarketPlace<\/strong><\/strong><\/h2>\n\n\n\n<p>Les <strong><mark style=\"background-color:rgba(0, 0, 0, 0)\" class=\"has-inline-color has-color-1-color\">e-commer\u00e7ants g\u00e9n\u00e9ralistes<\/mark><\/strong> ou <strong><mark style=\"background-color:rgba(0, 0, 0, 0)\" class=\"has-inline-color has-color-1-color\">multi-sp\u00e9cialiste<\/mark><\/strong><mark style=\"background-color:rgba(0, 0, 0, 0)\" class=\"has-inline-color has-color-1-color\"><strong>s <\/strong><\/mark>appr\u00e9cient&nbsp;:<\/p>\n\n\n\n<ul class=\"wp-block-list\">\n<li>La largeur de nos gammes qui couvrent aussi bien les services g\u00e9n\u00e9raux des entreprises et des collectivit\u00e9s, les \u00e9quipes de production, la logistique, les \u00e9quipes de maintenance ou d\u2019interventions sur site.<\/li>\n\n\n\n<li>La disponibilit\u00e9 en stock de l\u2019ensemble de nos r\u00e9f\u00e9rences<\/li>\n<\/ul>\n\n\n\n<p>Nous<strong><mark style=\"background-color:rgba(0, 0, 0, 0)\" class=\"has-inline-color has-color-1-color\"> apportons aux e-commer\u00e7ants<\/mark><\/strong> sp\u00e9cialistes, nos expertises m\u00e9tier, nos conseils techniques, une \u00e9quipe commerciale sp\u00e9cialis\u00e9e, des produits innovants et durables.<\/p>\n\n\n\n<p>Pour certaines cat\u00e9gories de produits (exemple des chariots) ou en phase d\u2019amor\u00e7age de r\u00e9f\u00e9rencement, nous <strong><mark style=\"background-color:rgba(0, 0, 0, 0)\" class=\"has-inline-color has-color-1-color\">sommes en capacit\u00e9 de r\u00e9pondre \u00e0 vos demandes <\/mark><\/strong>de dropshipping.<\/p>\n<\/div><figure class=\"wp-block-media-text__media\"><img loading=\"lazy\" decoding=\"async\" width=\"1024\" height=\"576\" src=\"https:\/\/www.outils-oceans.com\/blog\/app\/uploads\/2025\/09\/gros-plan-main-tenant-le-scanner-1024x576.jpg\" alt=\"Gros Plan Main Tenant Le Scanner\" class=\"wp-image-4384 size-full\" srcset=\"https:\/\/www.outils-oceans.com\/blog\/app\/uploads\/2025\/09\/gros-plan-main-tenant-le-scanner-1024x576.jpg 1024w, https:\/\/www.outils-oceans.com\/blog\/app\/uploads\/2025\/09\/gros-plan-main-tenant-le-scanner-300x169.jpg 300w, https:\/\/www.outils-oceans.com\/blog\/app\/uploads\/2025\/09\/gros-plan-main-tenant-le-scanner-768x432.jpg 768w, https:\/\/www.outils-oceans.com\/blog\/app\/uploads\/2025\/09\/gros-plan-main-tenant-le-scanner-1536x864.jpg 1536w, https:\/\/www.outils-oceans.com\/blog\/app\/uploads\/2025\/09\/gros-plan-main-tenant-le-scanner-2048x1152.jpg 2048w\" sizes=\"auto, (max-width: 1024px) 100vw, 1024px\" \/><\/figure><\/div>\n\n\n\n<div class=\"wp-block-columns has-gris-background-color has-background is-layout-flex wp-container-core-columns-is-layout-28f84493 wp-block-columns-is-layout-flex\">\n<div class=\"wp-block-column is-layout-flow wp-block-column-is-layout-flow\">\n<h2 class=\"wp-block-heading has-text-align-center\">Vous souhaitez devenir revendeur ? <\/h2>\n\n\n\n<p class=\"has-text-align-center\">\u00c9crivez-nous en s\u00e9lectionnant<strong> \u00ab Je souhaite devenir revendeur \u00bb<\/strong> comme objet de votre demande : un membre de notre \u00e9quipe vous contacte rapidement pour concr\u00e9tiser votre projet.<\/p>\n\n\n\n<div class=\"wp-block-buttons is-content-justification-center is-layout-flex wp-container-core-buttons-is-layout-a89b3969 wp-block-buttons-is-layout-flex\">\n<div class=\"wp-block-button\"><a class=\"wp-block-button__link wp-element-button\" href=\"https:\/\/www.outils-oceans.com\/fr\/nous-contacter\">Contactez Outils Oc\u00e9ans<\/a><\/div>\n<\/div>\n<\/div>\n<\/div>\n\n\n\n<p><\/p>\n","protected":false},"excerpt":{"rendered":"<p>Devenir revendeur Depuis plus de 10 ans Outils Oc\u00e9ans d\u00e9veloppe une strat\u00e9gie de vente indirecte par un r\u00e9seau de partenaires revendeurs. Vous souhaitez rejoindre l\u2019aventure&nbsp;? D\u00e9couvrez la relation gagnant-gagnant que nous entretenons avec nos revendeurs. Vous souhaitez devenir revendeur ? \u00c9crivez-nous en s\u00e9lectionnant \u00ab Je souhaite devenir revendeur \u00bb comme objet de votre demande : [&hellip;]<\/p>\n","protected":false},"author":2,"featured_media":0,"parent":0,"menu_order":0,"comment_status":"closed","ping_status":"closed","template":"","meta":{"_acf_changed":false,"_job_offers_show_list":false,"_job_offers_list_title":"","_job_offers_list_description":"","footnotes":""},"class_list":["post-2570","page","type-page","status-publish","hentry"],"acf":[],"yoast_head":"<!-- This site is optimized with the Yoast SEO plugin v27.1.1 - https:\/\/yoast.com\/product\/yoast-seo-wordpress\/ -->\n<title>Devenir revendeur - Outils Oc\u00e9ans<\/title>\n<meta name=\"robots\" content=\"index, follow, max-snippet:-1, max-image-preview:large, max-video-preview:-1\" \/>\n<link rel=\"canonical\" href=\"https:\/\/www.outils-oceans.com\/blog\/devenir-revendeur\/\" \/>\n<meta property=\"og:locale\" content=\"fr_FR\" \/>\n<meta property=\"og:type\" content=\"article\" \/>\n<meta property=\"og:title\" content=\"Devenir revendeur - Outils Oc\u00e9ans\" \/>\n<meta property=\"og:description\" content=\"Devenir revendeur Depuis plus de 10 ans Outils Oc\u00e9ans d\u00e9veloppe une strat\u00e9gie de vente indirecte par un r\u00e9seau de partenaires revendeurs. Vous souhaitez rejoindre l\u2019aventure&nbsp;? D\u00e9couvrez la relation gagnant-gagnant que nous entretenons avec nos revendeurs. Vous souhaitez devenir revendeur ? \u00c9crivez-nous en s\u00e9lectionnant \u00ab Je souhaite devenir revendeur \u00bb comme objet de votre demande : [&hellip;]\" \/>\n<meta property=\"og:url\" content=\"https:\/\/www.outils-oceans.com\/blog\/devenir-revendeur\/\" \/>\n<meta property=\"og:site_name\" content=\"Outils Oc\u00e9ans\" \/>\n<meta property=\"article:modified_time\" content=\"2025-09-02T07:28:44+00:00\" \/>\n<meta property=\"og:image\" content=\"https:\/\/www.outils-oceans.com\/blog\/app\/uploads\/2025\/02\/heritage.svg\" \/>\n<meta name=\"twitter:card\" content=\"summary_large_image\" \/>\n<meta name=\"twitter:label1\" content=\"Dur\u00e9e de lecture estim\u00e9e\" \/>\n\t<meta name=\"twitter:data1\" content=\"4 minutes\" \/>\n<script type=\"application\/ld+json\" class=\"yoast-schema-graph\">{\"@context\":\"https:\/\/schema.org\",\"@graph\":[{\"@type\":\"WebPage\",\"@id\":\"https:\/\/www.outils-oceans.com\/blog\/devenir-revendeur\/\",\"url\":\"https:\/\/www.outils-oceans.com\/blog\/devenir-revendeur\/\",\"name\":\"Devenir revendeur - Outils Oc\u00e9ans\",\"isPartOf\":{\"@id\":\"https:\/\/www.outils-oceans.com\/blog\/#website\"},\"primaryImageOfPage\":{\"@id\":\"https:\/\/www.outils-oceans.com\/blog\/devenir-revendeur\/#primaryimage\"},\"image\":{\"@id\":\"https:\/\/www.outils-oceans.com\/blog\/devenir-revendeur\/#primaryimage\"},\"thumbnailUrl\":\"https:\/\/www.outils-oceans.com\/blog\/app\/uploads\/2025\/02\/heritage.svg\",\"datePublished\":\"2025-04-08T14:50:27+00:00\",\"dateModified\":\"2025-09-02T07:28:44+00:00\",\"breadcrumb\":{\"@id\":\"https:\/\/www.outils-oceans.com\/blog\/devenir-revendeur\/#breadcrumb\"},\"inLanguage\":\"fr-FR\",\"potentialAction\":[{\"@type\":\"ReadAction\",\"target\":[\"https:\/\/www.outils-oceans.com\/blog\/devenir-revendeur\/\"]}]},{\"@type\":\"ImageObject\",\"inLanguage\":\"fr-FR\",\"@id\":\"https:\/\/www.outils-oceans.com\/blog\/devenir-revendeur\/#primaryimage\",\"url\":\"https:\/\/www.outils-oceans.com\/blog\/app\/uploads\/2025\/02\/heritage.svg\",\"contentUrl\":\"https:\/\/www.outils-oceans.com\/blog\/app\/uploads\/2025\/02\/heritage.svg\",\"caption\":\"Heritage\"},{\"@type\":\"BreadcrumbList\",\"@id\":\"https:\/\/www.outils-oceans.com\/blog\/devenir-revendeur\/#breadcrumb\",\"itemListElement\":[{\"@type\":\"ListItem\",\"position\":1,\"name\":\"Accueil\",\"item\":\"https:\/\/www.outils-oceans.com\/blog\/\"},{\"@type\":\"ListItem\",\"position\":2,\"name\":\"Devenir revendeur\"}]},{\"@type\":\"WebSite\",\"@id\":\"https:\/\/www.outils-oceans.com\/blog\/#website\",\"url\":\"https:\/\/www.outils-oceans.com\/blog\/\",\"name\":\"Outils Oc\u00e9ans\",\"description\":\"\",\"potentialAction\":[{\"@type\":\"SearchAction\",\"target\":{\"@type\":\"EntryPoint\",\"urlTemplate\":\"https:\/\/www.outils-oceans.com\/blog\/?s={search_term_string}\"},\"query-input\":{\"@type\":\"PropertyValueSpecification\",\"valueRequired\":true,\"valueName\":\"search_term_string\"}}],\"inLanguage\":\"fr-FR\"}]}<\/script>\n<!-- \/ Yoast SEO plugin. -->","yoast_head_json":{"title":"Devenir revendeur - Outils Oc\u00e9ans","robots":{"index":"index","follow":"follow","max-snippet":"max-snippet:-1","max-image-preview":"max-image-preview:large","max-video-preview":"max-video-preview:-1"},"canonical":"https:\/\/www.outils-oceans.com\/blog\/devenir-revendeur\/","og_locale":"fr_FR","og_type":"article","og_title":"Devenir revendeur - Outils Oc\u00e9ans","og_description":"Devenir revendeur Depuis plus de 10 ans Outils Oc\u00e9ans d\u00e9veloppe une strat\u00e9gie de vente indirecte par un r\u00e9seau de partenaires revendeurs. Vous souhaitez rejoindre l\u2019aventure&nbsp;? D\u00e9couvrez la relation gagnant-gagnant que nous entretenons avec nos revendeurs. Vous souhaitez devenir revendeur ? \u00c9crivez-nous en s\u00e9lectionnant \u00ab Je souhaite devenir revendeur \u00bb comme objet de votre demande : [&hellip;]","og_url":"https:\/\/www.outils-oceans.com\/blog\/devenir-revendeur\/","og_site_name":"Outils Oc\u00e9ans","article_modified_time":"2025-09-02T07:28:44+00:00","og_image":[{"url":"https:\/\/www.outils-oceans.com\/blog\/app\/uploads\/2025\/02\/heritage.svg","type":"","width":"","height":""}],"twitter_card":"summary_large_image","twitter_misc":{"Dur\u00e9e de lecture estim\u00e9e":"4 minutes"},"schema":{"@context":"https:\/\/schema.org","@graph":[{"@type":"WebPage","@id":"https:\/\/www.outils-oceans.com\/blog\/devenir-revendeur\/","url":"https:\/\/www.outils-oceans.com\/blog\/devenir-revendeur\/","name":"Devenir revendeur - Outils Oc\u00e9ans","isPartOf":{"@id":"https:\/\/www.outils-oceans.com\/blog\/#website"},"primaryImageOfPage":{"@id":"https:\/\/www.outils-oceans.com\/blog\/devenir-revendeur\/#primaryimage"},"image":{"@id":"https:\/\/www.outils-oceans.com\/blog\/devenir-revendeur\/#primaryimage"},"thumbnailUrl":"https:\/\/www.outils-oceans.com\/blog\/app\/uploads\/2025\/02\/heritage.svg","datePublished":"2025-04-08T14:50:27+00:00","dateModified":"2025-09-02T07:28:44+00:00","breadcrumb":{"@id":"https:\/\/www.outils-oceans.com\/blog\/devenir-revendeur\/#breadcrumb"},"inLanguage":"fr-FR","potentialAction":[{"@type":"ReadAction","target":["https:\/\/www.outils-oceans.com\/blog\/devenir-revendeur\/"]}]},{"@type":"ImageObject","inLanguage":"fr-FR","@id":"https:\/\/www.outils-oceans.com\/blog\/devenir-revendeur\/#primaryimage","url":"https:\/\/www.outils-oceans.com\/blog\/app\/uploads\/2025\/02\/heritage.svg","contentUrl":"https:\/\/www.outils-oceans.com\/blog\/app\/uploads\/2025\/02\/heritage.svg","caption":"Heritage"},{"@type":"BreadcrumbList","@id":"https:\/\/www.outils-oceans.com\/blog\/devenir-revendeur\/#breadcrumb","itemListElement":[{"@type":"ListItem","position":1,"name":"Accueil","item":"https:\/\/www.outils-oceans.com\/blog\/"},{"@type":"ListItem","position":2,"name":"Devenir revendeur"}]},{"@type":"WebSite","@id":"https:\/\/www.outils-oceans.com\/blog\/#website","url":"https:\/\/www.outils-oceans.com\/blog\/","name":"Outils Oc\u00e9ans","description":"","potentialAction":[{"@type":"SearchAction","target":{"@type":"EntryPoint","urlTemplate":"https:\/\/www.outils-oceans.com\/blog\/?s={search_term_string}"},"query-input":{"@type":"PropertyValueSpecification","valueRequired":true,"valueName":"search_term_string"}}],"inLanguage":"fr-FR"}]}},"_links":{"self":[{"href":"https:\/\/www.outils-oceans.com\/blog\/wp-json\/wp\/v2\/pages\/2570","targetHints":{"allow":["GET"]}}],"collection":[{"href":"https:\/\/www.outils-oceans.com\/blog\/wp-json\/wp\/v2\/pages"}],"about":[{"href":"https:\/\/www.outils-oceans.com\/blog\/wp-json\/wp\/v2\/types\/page"}],"author":[{"embeddable":true,"href":"https:\/\/www.outils-oceans.com\/blog\/wp-json\/wp\/v2\/users\/2"}],"replies":[{"embeddable":true,"href":"https:\/\/www.outils-oceans.com\/blog\/wp-json\/wp\/v2\/comments?post=2570"}],"version-history":[{"count":15,"href":"https:\/\/www.outils-oceans.com\/blog\/wp-json\/wp\/v2\/pages\/2570\/revisions"}],"predecessor-version":[{"id":4387,"href":"https:\/\/www.outils-oceans.com\/blog\/wp-json\/wp\/v2\/pages\/2570\/revisions\/4387"}],"wp:attachment":[{"href":"https:\/\/www.outils-oceans.com\/blog\/wp-json\/wp\/v2\/media?parent=2570"}],"curies":[{"name":"wp","href":"https:\/\/api.w.org\/{rel}","templated":true}]}}