{"id":356,"date":"2025-02-05T15:42:39","date_gmt":"2025-02-05T14:42:39","guid":{"rendered":"https:\/\/www.outils-oceans.com\/blog\/?page_id=356"},"modified":"2025-08-21T15:29:24","modified_gmt":"2025-08-21T13:29:24","slug":"notre-entreprise","status":"publish","type":"page","link":"https:\/\/www.outils-oceans.com\/blog\/notre-entreprise\/","title":{"rendered":"Notre entreprise"},"content":{"rendered":"\n<div class=\"wp-block-group alignfull has-gris-background-color has-background is-layout-constrained wp-block-group-is-layout-constrained\">\n<div class=\"wp-block-columns alignwide is-layout-flex wp-container-core-columns-is-layout-367fc9f9 wp-block-columns-is-layout-flex\" style=\"margin-top:var(--wp--preset--spacing--70);margin-bottom:var(--wp--preset--spacing--70);padding-top:var(--wp--preset--spacing--80);padding-right:var(--wp--preset--spacing--80);padding-bottom:var(--wp--preset--spacing--80);padding-left:var(--wp--preset--spacing--80)\">\n<div class=\"wp-block-column is-layout-flow wp-block-column-is-layout-flow\">\n<h2 class=\"wp-block-heading\">Notre entreprise<\/h2>\n\n\n\n<p>Outils Oc\u00e9ans est une PME bretonne de plus de 30 personnes bas\u00e9e dans le Finist\u00e8re \u00e0 La For\u00eat-Fouesnant o\u00f9 se trouvent notre si\u00e8ge social et notre production.<\/p>\n<\/div>\n\n\n\n<div class=\"wp-block-column is-layout-flow wp-block-column-is-layout-flow\">\n<figure class=\"wp-block-embed is-type-video is-provider-youtube wp-block-embed-youtube wp-embed-aspect-16-9 wp-has-aspect-ratio\"><div class=\"wp-block-embed__wrapper\">\n<iframe loading=\"lazy\" title=\"Immersion au coeur d&#039;Outils Oc\u00e9ans - visite des locaux\" width=\"500\" height=\"281\" src=\"https:\/\/www.youtube.com\/embed\/ZSb2Qg619mA?feature=oembed\" frameborder=\"0\" allow=\"accelerometer; autoplay; clipboard-write; encrypted-media; gyroscope; picture-in-picture; web-share\" referrerpolicy=\"strict-origin-when-cross-origin\" allowfullscreen><\/iframe>\n<\/div><\/figure>\n<\/div>\n<\/div>\n<\/div>\n\n\n\n<p>Outils Oc\u00e9ans d\u00e9veloppe un <strong><mark style=\"background-color:rgba(0, 0, 0, 0)\" class=\"has-inline-color has-color-1-color\">savoir-faire<\/mark><\/strong> reconnu dans l\u2019<strong><mark style=\"background-color:rgba(0, 0, 0, 0)\" class=\"has-inline-color has-color-1-color\">\u00e9tude, la conception et la fabrication<\/mark><\/strong> d\u2019\u00e9quipements textiles et semi-rigides destin\u00e9s \u00e0 ranger, transporter et prot\u00e9ger des objets ou des documents. <\/p>\n\n\n\n<p>Plus r\u00e9cemment Outils Oc\u00e9ans accompagne les entreprises dans la digitalisation de leurs documents et processus.<\/p>\n\n\n\n<div class=\"wp-block-media-text alignwide has-media-on-the-right is-stacked-on-mobile is-style-shifted-background\" style=\"grid-template-columns:auto 41%\"><div class=\"wp-block-media-text__content\">\n<h2 class=\"wp-block-heading has-color-1-color has-text-color has-link-color has-h-4-font-size wp-elements-15062f1e8448f9d55d03a8f7f4b47016\">Notre histoire<\/h2>\n\n\n\n<p>Outils Oc\u00e9ans a \u00e9t\u00e9 cr\u00e9\u00e9e en 1987 par Vianney Ancellin, ancien <strong><mark style=\"background-color:rgba(0, 0, 0, 0)\" class=\"has-inline-color has-color-1-color\">coureur au large<\/mark><\/strong> pour r\u00e9pondre au besoin de \u00ab\u00a0<strong><mark style=\"background-color:rgba(0, 0, 0, 0)\" class=\"has-inline-color has-color-1-color\">la caisse \u00e0 outils du marin\u00a0<\/mark><\/strong>\u00bb. C\u2019est ainsi que les premi\u00e8res sacoches Outils Oc\u00e9ans parcourent le monde avec des navigateurs de renom.<\/p>\n\n\n\n<p>L\u2019exp\u00e9rience de la course au large nous permet d\u2019<strong><mark style=\"background-color:rgba(0, 0, 0, 0)\" class=\"has-inline-color has-color-1-color\">\u00e9prouver nos produits <\/mark><\/strong>et mati\u00e8res en <strong><mark style=\"background-color:rgba(0, 0, 0, 0)\" class=\"has-inline-color has-color-1-color\">conditions extr\u00eames<\/mark><\/strong>.<\/p>\n\n\n\n<p>C\u2019est pourquoi les produits Outils Oc\u00e9ans vous suivent partout et pour longtemps dans des secteurs d\u2019activit\u00e9s diversifi\u00e9s\u00a0: plaisance, construction navale, industrie, \u00e9nergie, t\u00e9l\u00e9communications, maintenance, BTP, courrier et logistique, banques, assurances, collectivit\u00e9s, sant\u00e9\u2026<\/p>\n\n\n\n<div class=\"wp-block-buttons is-layout-flex wp-block-buttons-is-layout-flex\">\n<div class=\"wp-block-button\"><a class=\"wp-block-button__link wp-element-button\" href=\"https:\/\/www.outils-oceans.com\/blog\/notre-entreprise\/notre-histoire\/\">En savoir plus<\/a><\/div>\n<\/div>\n<\/div><figure class=\"wp-block-media-text__media\"><img loading=\"lazy\" decoding=\"async\" width=\"705\" height=\"390\" src=\"https:\/\/www.outils-oceans.com\/blog\/app\/uploads\/2025\/04\/locauxoo_1987.jpg\" alt=\"Locauxoo 1987\" class=\"wp-image-2147 size-full\" srcset=\"https:\/\/www.outils-oceans.com\/blog\/app\/uploads\/2025\/04\/locauxoo_1987.jpg 705w, https:\/\/www.outils-oceans.com\/blog\/app\/uploads\/2025\/04\/locauxoo_1987-300x166.jpg 300w\" sizes=\"auto, (max-width: 705px) 100vw, 705px\" \/><\/figure><\/div>\n\n\n\n<div class=\"wp-block-group alignwide is-layout-constrained wp-block-group-is-layout-constrained\">\n<div class=\"wp-block-media-text alignwide is-stacked-on-mobile is-style-shifted-background\" style=\"grid-template-columns:41% auto\"><figure class=\"wp-block-media-text__media\"><img loading=\"lazy\" decoding=\"async\" width=\"1024\" height=\"683\" src=\"https:\/\/www.outils-oceans.com\/blog\/app\/uploads\/2025\/04\/outils-oce_ans-juin-2023-48-1024x683.jpg\" alt=\"Outils Oce Ans Juin 2023 48\" class=\"wp-image-2546 size-full\" srcset=\"https:\/\/www.outils-oceans.com\/blog\/app\/uploads\/2025\/04\/outils-oce_ans-juin-2023-48-1024x683.jpg 1024w, https:\/\/www.outils-oceans.com\/blog\/app\/uploads\/2025\/04\/outils-oce_ans-juin-2023-48-300x200.jpg 300w, https:\/\/www.outils-oceans.com\/blog\/app\/uploads\/2025\/04\/outils-oce_ans-juin-2023-48-768x512.jpg 768w, https:\/\/www.outils-oceans.com\/blog\/app\/uploads\/2025\/04\/outils-oce_ans-juin-2023-48-1536x1024.jpg 1536w, https:\/\/www.outils-oceans.com\/blog\/app\/uploads\/2025\/04\/outils-oce_ans-juin-2023-48-2048x1365.jpg 2048w\" sizes=\"auto, (max-width: 1024px) 100vw, 1024px\" \/><\/figure><div class=\"wp-block-media-text__content\">\n<h2 class=\"wp-block-heading has-color-1-color has-text-color has-link-color has-h-4-font-size wp-elements-ee9a9abdaf6070880978b73068959a22\">Nos 4 valeurs fondatrices&nbsp;: innovation, engagement, confiance, humain<\/h2>\n\n\n\n<p>L\u2019<strong><mark style=\"background-color:rgba(0, 0, 0, 0)\" class=\"has-inline-color has-color-1-color\">innovation<\/mark><\/strong> est le moteur du d\u00e9veloppement d\u2019Outils Oc\u00e9ans. Nous testons et int\u00e9grons r\u00e9guli\u00e8rement de nouveaux mat\u00e9riaux et de nouvelles technologies.<\/p>\n\n\n\n<p>L\u2019<strong><mark style=\"background-color:rgba(0, 0, 0, 0)\" class=\"has-inline-color has-color-1-color\">engagement<\/mark><\/strong> de notre \u00e9quipage est d\u2019entretenir un partenariat au-del\u00e0 des relations contractuelles et garantir le respect de notre charte d\u00e9veloppement durable et RSE.<\/p>\n\n\n\n<p>Notre plus belle fiert\u00e9 est la relation de <strong><mark style=\"background-color:rgba(0, 0, 0, 0)\" class=\"has-inline-color has-color-1-color\">confiance<\/mark><\/strong> inscrite dans la dur\u00e9e que nous instaurons et entretenons avec vous gr\u00e2ce \u00e0 une d\u00e9marche professionnelle bas\u00e9e sur le conseil.<\/p>\n\n\n\n<p>L\u2019<strong><mark style=\"background-color:rgba(0, 0, 0, 0)\" class=\"has-inline-color has-color-1-color\">humain<\/mark><\/strong> est pr\u00e9sent dans toutes nos relations. En interne avec nos collaborateurs, nous avons la volont\u00e9 de maintenir l\u2019emploi industriel en France et d\u2019offrir des conditions de travail \u00e9panouissantes. En externe avec nos partenaires, clients, fournisseurs, nous assurons un suivi personnalis\u00e9 avec un interlocuteur \u00ab&nbsp;expert m\u00e9tier&nbsp;\u00bb d\u00e9di\u00e9.<\/p>\n<\/div><\/div>\n<\/div>\n\n\n\n<div class=\"wp-block-media-text alignwide has-media-on-the-right is-stacked-on-mobile is-style-shifted-background\" style=\"grid-template-columns:auto 41%\"><div class=\"wp-block-media-text__content\">\n<h2 class=\"wp-block-heading has-color-1-color has-text-color has-link-color has-h-4-font-size wp-elements-7378d35019de931af6a3ae578ff3ac8b\">R&amp;D et Innovation<\/h2>\n\n\n\n<p>Apporteur de solutions innovantes, sp\u00e9cifiques et globales destin\u00e9es \u00e0 am\u00e9liorer la productivit\u00e9, la qualit\u00e9 et la s\u00e9curit\u00e9.<\/p>\n\n\n\n<p>Apr\u00e8s avoir valid\u00e9 avec vous les objectifs,<strong><mark style=\"background-color:rgba(0, 0, 0, 0)\" class=\"has-inline-color has-color-1-color\"> notre bureau d\u2019\u00e9tudes <\/mark><\/strong>con\u00e7oit les solutions adapt\u00e9es en optimisant les m\u00e9thodes et l\u2019ergonomie.<\/p>\n\n\n\n<p>Dans une d\u00e9marche d\u2019<strong><mark style=\"background-color:rgba(0, 0, 0, 0)\" class=\"has-inline-color has-color-1-color\">\u00e9co-conception<\/mark><\/strong>, notre bureau d\u2019\u00e9tudes veille \u00e0 minimiser la consommation de mati\u00e8res et ressources tout en maximisant les fonctionnalit\u00e9s.<\/p>\n\n\n\n<p>Il<strong><mark style=\"background-color:rgba(0, 0, 0, 0)\" class=\"has-inline-color has-color-1-color\"> analyse le cycle de vie du produit<\/mark><\/strong> et pr\u00e9voit sa r\u00e9parabilit\u00e9, son entretien, sa r\u00e9paration et sa fin de vie (d\u00e9construction, recyclage).<\/p>\n<\/div><figure class=\"wp-block-media-text__media\"><img loading=\"lazy\" decoding=\"async\" width=\"1024\" height=\"683\" src=\"https:\/\/www.outils-oceans.com\/blog\/app\/uploads\/2025\/04\/00176outils-oce_ans-juin-2021-1024x683.jpg\" alt=\"00176outils Oce Ans Juin 2021\" class=\"wp-image-1838 size-full\" srcset=\"https:\/\/www.outils-oceans.com\/blog\/app\/uploads\/2025\/04\/00176outils-oce_ans-juin-2021-1024x683.jpg 1024w, https:\/\/www.outils-oceans.com\/blog\/app\/uploads\/2025\/04\/00176outils-oce_ans-juin-2021-300x200.jpg 300w, https:\/\/www.outils-oceans.com\/blog\/app\/uploads\/2025\/04\/00176outils-oce_ans-juin-2021-768x512.jpg 768w, https:\/\/www.outils-oceans.com\/blog\/app\/uploads\/2025\/04\/00176outils-oce_ans-juin-2021-1536x1024.jpg 1536w, https:\/\/www.outils-oceans.com\/blog\/app\/uploads\/2025\/04\/00176outils-oce_ans-juin-2021-2048x1365.jpg 2048w\" sizes=\"auto, (max-width: 1024px) 100vw, 1024px\" \/><\/figure><\/div>\n\n\n\n<div class=\"wp-block-media-text alignwide is-stacked-on-mobile is-style-shifted-background\" style=\"grid-template-columns:41% auto\"><figure class=\"wp-block-media-text__media\"><img loading=\"lazy\" decoding=\"async\" width=\"1024\" height=\"768\" src=\"https:\/\/www.outils-oceans.com\/blog\/app\/uploads\/2025\/04\/sl272528-1024x768.jpg\" alt=\"Sl272528\" class=\"wp-image-2517 size-full\" srcset=\"https:\/\/www.outils-oceans.com\/blog\/app\/uploads\/2025\/04\/sl272528-1024x768.jpg 1024w, https:\/\/www.outils-oceans.com\/blog\/app\/uploads\/2025\/04\/sl272528-300x225.jpg 300w, https:\/\/www.outils-oceans.com\/blog\/app\/uploads\/2025\/04\/sl272528-768x576.jpg 768w, https:\/\/www.outils-oceans.com\/blog\/app\/uploads\/2025\/04\/sl272528-1536x1152.jpg 1536w, https:\/\/www.outils-oceans.com\/blog\/app\/uploads\/2025\/04\/sl272528-2048x1536.jpg 2048w\" sizes=\"auto, (max-width: 1024px) 100vw, 1024px\" \/><\/figure><div class=\"wp-block-media-text__content\">\n<h2 class=\"wp-block-heading has-color-1-color has-text-color has-link-color has-h-4-font-size wp-elements-7765bc3ae43d4cc2b9d3899112da1f2c\">L\u2019\u00e9quipe<\/h2>\n\n\n\n<p>Outils Oc\u00e9ans est une entreprise ind\u00e9pendante \u00e0 <strong><mark style=\"background-color:rgba(0, 0, 0, 0)\" class=\"has-inline-color has-color-1-color\">taille humaine de 30 collaborateurs<\/mark><\/strong>. L\u2019entreprise est d\u00e9tenue par un trio de cadres de l\u2019entreprise qui en a pris la direction depuis 2012 apr\u00e8s le d\u00e9part du fondateur. L\u2019organisation en 3 p\u00f4les de comp\u00e9tences constitue un des fondements de l\u2019entreprise\u00a0: technique, commercial-marketing et administratif.<\/p>\n\n\n\n<p><strong><mark style=\"background-color:rgba(0, 0, 0, 0)\" class=\"has-inline-color has-color-1-color\">L\u2019esprit d\u2019\u00e9quipe est une force de l\u2019entreprise<\/mark><\/strong>. Il repose sur la coh\u00e9sion, la communication, la mont\u00e9e en comp\u00e9tences, la polyvalence, l\u2019initiative, la cr\u00e9ativit\u00e9, l\u2019exp\u00e9rimentation.<\/p>\n\n\n\n<div class=\"wp-block-buttons is-layout-flex wp-block-buttons-is-layout-flex\">\n<div class=\"wp-block-button\"><a class=\"wp-block-button__link wp-element-button\" href=\"https:\/\/www.outils-oceans.com\/blog\/notre-entreprise\/equipe\/\">En savoir plus<\/a><\/div>\n<\/div>\n<\/div><\/div>\n\n\n\n<div class=\"wp-block-group alignwide is-layout-constrained wp-block-group-is-layout-constrained\">\n<h2 class=\"wp-block-heading has-text-align-center has-h-3-font-size\" style=\"margin-bottom:var(--wp--preset--spacing--60)\">Chiffres cl\u00e9s<\/h2>\n\n\n<section class=\"acf elements-cles default-align-wide alignwide wp-block-acf-elements-cles\" id=\"block_a7210d95cf15a194545fba72b03b16b5\">\n\t<div class=\"elements-cles__container\">\n                    <div class=\"elements-cles__item\" style=\"--item-color:#009982;\">\n                                    <div class=\"elements-cles__item-icon\" style=\"--pictogramme-image:url(https:\/\/www.outils-oceans.com\/blog\/app\/uploads\/2025\/07\/charte-de-croissance.png);\">\n                        <div class=\"elements-cles__item-icon-image\"><\/div>\n                    <\/div>\n                                                    <h3 class=\"elements-cles__item-title h4\">4 M\u20ac<\/h3>\n                                                    <div class=\"elements-cles__item-text\">CA<\/div>\n                            <\/div>\n                    <div class=\"elements-cles__item\" style=\"--item-color:#009982;\">\n                                    <div class=\"elements-cles__item-icon\" style=\"--pictogramme-image:url(https:\/\/www.outils-oceans.com\/blog\/app\/uploads\/2025\/04\/8.couleuroo-1.png);\">\n                        <div class=\"elements-cles__item-icon-image\"><\/div>\n                    <\/div>\n                                                    <h3 class=\"elements-cles__item-title h4\">30<\/h3>\n                                                    <div class=\"elements-cles__item-text\">Effectifs<\/div>\n                            <\/div>\n                    <div class=\"elements-cles__item\" style=\"--item-color:#009982;\">\n                                    <div class=\"elements-cles__item-icon\" style=\"--pictogramme-image:url(https:\/\/www.outils-oceans.com\/blog\/app\/uploads\/2025\/04\/home_24dp_5f6368_fill0_wght400_grad0_opsz24.svg);\">\n                        <div class=\"elements-cles__item-icon-image\"><\/div>\n                    <\/div>\n                                                    <h3 class=\"elements-cles__item-title h4\">2 385 m\u00b2 <\/h3>\n                                                    <div class=\"elements-cles__item-text\">de locaux<\/div>\n                            <\/div>\n                    <div class=\"elements-cles__item\" style=\"--item-color:#009982;\">\n                                    <div class=\"elements-cles__item-icon\" style=\"--pictogramme-image:url(https:\/\/www.outils-oceans.com\/blog\/app\/uploads\/2025\/07\/machine-a-coudre.png);\">\n                        <div class=\"elements-cles__item-icon-image\"><\/div>\n                    <\/div>\n                                                    <h3 class=\"elements-cles__item-title h4\">41<\/h3>\n                                                    <div class=\"elements-cles__item-text\">Parc machines<\/div>\n                            <\/div>\n            <\/div>\n<\/section><\/div>\n","protected":false},"excerpt":{"rendered":"<p>Notre entreprise Outils Oc\u00e9ans est une PME bretonne de plus de 30 personnes bas\u00e9e dans le Finist\u00e8re \u00e0 La For\u00eat-Fouesnant o\u00f9 se trouvent notre si\u00e8ge social et notre production. Outils Oc\u00e9ans d\u00e9veloppe un savoir-faire reconnu dans l\u2019\u00e9tude, la conception et la fabrication d\u2019\u00e9quipements textiles et semi-rigides destin\u00e9s \u00e0 ranger, transporter et prot\u00e9ger des objets ou [&hellip;]<\/p>\n","protected":false},"author":1,"featured_media":0,"parent":0,"menu_order":0,"comment_status":"closed","ping_status":"closed","template":"","meta":{"_acf_changed":false,"_job_offers_show_list":false,"_job_offers_list_title":"","_job_offers_list_description":"","footnotes":""},"class_list":["post-356","page","type-page","status-publish","hentry"],"acf":[],"yoast_head":"<!-- This site is optimized with the Yoast SEO plugin v27.1.1 - https:\/\/yoast.com\/product\/yoast-seo-wordpress\/ -->\n<title>Notre entreprise - Outils Oc\u00e9ans<\/title>\n<meta name=\"robots\" content=\"index, follow, max-snippet:-1, max-image-preview:large, max-video-preview:-1\" \/>\n<link rel=\"canonical\" href=\"https:\/\/www.outils-oceans.com\/blog\/notre-entreprise\/\" \/>\n<meta property=\"og:locale\" content=\"fr_FR\" \/>\n<meta property=\"og:type\" content=\"article\" \/>\n<meta property=\"og:title\" content=\"Notre entreprise - Outils Oc\u00e9ans\" \/>\n<meta property=\"og:description\" content=\"Notre entreprise Outils Oc\u00e9ans est une PME bretonne de plus de 30 personnes bas\u00e9e dans le Finist\u00e8re \u00e0 La For\u00eat-Fouesnant o\u00f9 se trouvent notre si\u00e8ge social et notre production. Outils Oc\u00e9ans d\u00e9veloppe un savoir-faire reconnu dans l\u2019\u00e9tude, la conception et la fabrication d\u2019\u00e9quipements textiles et semi-rigides destin\u00e9s \u00e0 ranger, transporter et prot\u00e9ger des objets ou [&hellip;]\" \/>\n<meta property=\"og:url\" content=\"https:\/\/www.outils-oceans.com\/blog\/notre-entreprise\/\" \/>\n<meta property=\"og:site_name\" content=\"Outils Oc\u00e9ans\" \/>\n<meta property=\"article:modified_time\" content=\"2025-08-21T13:29:24+00:00\" \/>\n<meta property=\"og:image\" content=\"https:\/\/www.outils-oceans.com\/blog\/app\/uploads\/2025\/04\/locauxoo_1987.jpg\" \/>\n\t<meta property=\"og:image:width\" content=\"705\" \/>\n\t<meta property=\"og:image:height\" content=\"390\" \/>\n\t<meta property=\"og:image:type\" content=\"image\/jpeg\" \/>\n<meta name=\"twitter:card\" content=\"summary_large_image\" \/>\n<meta name=\"twitter:label1\" content=\"Dur\u00e9e de lecture estim\u00e9e\" \/>\n\t<meta name=\"twitter:data1\" content=\"4 minutes\" \/>\n<script type=\"application\/ld+json\" class=\"yoast-schema-graph\">{\"@context\":\"https:\/\/schema.org\",\"@graph\":[{\"@type\":\"WebPage\",\"@id\":\"https:\/\/www.outils-oceans.com\/blog\/notre-entreprise\/\",\"url\":\"https:\/\/www.outils-oceans.com\/blog\/notre-entreprise\/\",\"name\":\"Notre entreprise - Outils Oc\u00e9ans\",\"isPartOf\":{\"@id\":\"https:\/\/www.outils-oceans.com\/blog\/#website\"},\"primaryImageOfPage\":{\"@id\":\"https:\/\/www.outils-oceans.com\/blog\/notre-entreprise\/#primaryimage\"},\"image\":{\"@id\":\"https:\/\/www.outils-oceans.com\/blog\/notre-entreprise\/#primaryimage\"},\"thumbnailUrl\":\"https:\/\/www.outils-oceans.com\/blog\/app\/uploads\/2025\/04\/locauxoo_1987.jpg\",\"datePublished\":\"2025-02-05T14:42:39+00:00\",\"dateModified\":\"2025-08-21T13:29:24+00:00\",\"breadcrumb\":{\"@id\":\"https:\/\/www.outils-oceans.com\/blog\/notre-entreprise\/#breadcrumb\"},\"inLanguage\":\"fr-FR\",\"potentialAction\":[{\"@type\":\"ReadAction\",\"target\":[\"https:\/\/www.outils-oceans.com\/blog\/notre-entreprise\/\"]}]},{\"@type\":\"ImageObject\",\"inLanguage\":\"fr-FR\",\"@id\":\"https:\/\/www.outils-oceans.com\/blog\/notre-entreprise\/#primaryimage\",\"url\":\"https:\/\/www.outils-oceans.com\/blog\/app\/uploads\/2025\/04\/locauxoo_1987.jpg\",\"contentUrl\":\"https:\/\/www.outils-oceans.com\/blog\/app\/uploads\/2025\/04\/locauxoo_1987.jpg\",\"width\":705,\"height\":390,\"caption\":\"Locauxoo 1987\"},{\"@type\":\"BreadcrumbList\",\"@id\":\"https:\/\/www.outils-oceans.com\/blog\/notre-entreprise\/#breadcrumb\",\"itemListElement\":[{\"@type\":\"ListItem\",\"position\":1,\"name\":\"Accueil\",\"item\":\"https:\/\/www.outils-oceans.com\/blog\/\"},{\"@type\":\"ListItem\",\"position\":2,\"name\":\"Notre entreprise\"}]},{\"@type\":\"WebSite\",\"@id\":\"https:\/\/www.outils-oceans.com\/blog\/#website\",\"url\":\"https:\/\/www.outils-oceans.com\/blog\/\",\"name\":\"Outils Oc\u00e9ans\",\"description\":\"\",\"potentialAction\":[{\"@type\":\"SearchAction\",\"target\":{\"@type\":\"EntryPoint\",\"urlTemplate\":\"https:\/\/www.outils-oceans.com\/blog\/?s={search_term_string}\"},\"query-input\":{\"@type\":\"PropertyValueSpecification\",\"valueRequired\":true,\"valueName\":\"search_term_string\"}}],\"inLanguage\":\"fr-FR\"}]}<\/script>\n<!-- \/ Yoast SEO plugin. -->","yoast_head_json":{"title":"Notre entreprise - Outils Oc\u00e9ans","robots":{"index":"index","follow":"follow","max-snippet":"max-snippet:-1","max-image-preview":"max-image-preview:large","max-video-preview":"max-video-preview:-1"},"canonical":"https:\/\/www.outils-oceans.com\/blog\/notre-entreprise\/","og_locale":"fr_FR","og_type":"article","og_title":"Notre entreprise - Outils Oc\u00e9ans","og_description":"Notre entreprise Outils Oc\u00e9ans est une PME bretonne de plus de 30 personnes bas\u00e9e dans le Finist\u00e8re \u00e0 La For\u00eat-Fouesnant o\u00f9 se trouvent notre si\u00e8ge social et notre production. Outils Oc\u00e9ans d\u00e9veloppe un savoir-faire reconnu dans l\u2019\u00e9tude, la conception et la fabrication d\u2019\u00e9quipements textiles et semi-rigides destin\u00e9s \u00e0 ranger, transporter et prot\u00e9ger des objets ou [&hellip;]","og_url":"https:\/\/www.outils-oceans.com\/blog\/notre-entreprise\/","og_site_name":"Outils Oc\u00e9ans","article_modified_time":"2025-08-21T13:29:24+00:00","og_image":[{"width":705,"height":390,"url":"https:\/\/www.outils-oceans.com\/blog\/app\/uploads\/2025\/04\/locauxoo_1987.jpg","type":"image\/jpeg"}],"twitter_card":"summary_large_image","twitter_misc":{"Dur\u00e9e de lecture estim\u00e9e":"4 minutes"},"schema":{"@context":"https:\/\/schema.org","@graph":[{"@type":"WebPage","@id":"https:\/\/www.outils-oceans.com\/blog\/notre-entreprise\/","url":"https:\/\/www.outils-oceans.com\/blog\/notre-entreprise\/","name":"Notre entreprise - Outils Oc\u00e9ans","isPartOf":{"@id":"https:\/\/www.outils-oceans.com\/blog\/#website"},"primaryImageOfPage":{"@id":"https:\/\/www.outils-oceans.com\/blog\/notre-entreprise\/#primaryimage"},"image":{"@id":"https:\/\/www.outils-oceans.com\/blog\/notre-entreprise\/#primaryimage"},"thumbnailUrl":"https:\/\/www.outils-oceans.com\/blog\/app\/uploads\/2025\/04\/locauxoo_1987.jpg","datePublished":"2025-02-05T14:42:39+00:00","dateModified":"2025-08-21T13:29:24+00:00","breadcrumb":{"@id":"https:\/\/www.outils-oceans.com\/blog\/notre-entreprise\/#breadcrumb"},"inLanguage":"fr-FR","potentialAction":[{"@type":"ReadAction","target":["https:\/\/www.outils-oceans.com\/blog\/notre-entreprise\/"]}]},{"@type":"ImageObject","inLanguage":"fr-FR","@id":"https:\/\/www.outils-oceans.com\/blog\/notre-entreprise\/#primaryimage","url":"https:\/\/www.outils-oceans.com\/blog\/app\/uploads\/2025\/04\/locauxoo_1987.jpg","contentUrl":"https:\/\/www.outils-oceans.com\/blog\/app\/uploads\/2025\/04\/locauxoo_1987.jpg","width":705,"height":390,"caption":"Locauxoo 1987"},{"@type":"BreadcrumbList","@id":"https:\/\/www.outils-oceans.com\/blog\/notre-entreprise\/#breadcrumb","itemListElement":[{"@type":"ListItem","position":1,"name":"Accueil","item":"https:\/\/www.outils-oceans.com\/blog\/"},{"@type":"ListItem","position":2,"name":"Notre entreprise"}]},{"@type":"WebSite","@id":"https:\/\/www.outils-oceans.com\/blog\/#website","url":"https:\/\/www.outils-oceans.com\/blog\/","name":"Outils Oc\u00e9ans","description":"","potentialAction":[{"@type":"SearchAction","target":{"@type":"EntryPoint","urlTemplate":"https:\/\/www.outils-oceans.com\/blog\/?s={search_term_string}"},"query-input":{"@type":"PropertyValueSpecification","valueRequired":true,"valueName":"search_term_string"}}],"inLanguage":"fr-FR"}]}},"_links":{"self":[{"href":"https:\/\/www.outils-oceans.com\/blog\/wp-json\/wp\/v2\/pages\/356","targetHints":{"allow":["GET"]}}],"collection":[{"href":"https:\/\/www.outils-oceans.com\/blog\/wp-json\/wp\/v2\/pages"}],"about":[{"href":"https:\/\/www.outils-oceans.com\/blog\/wp-json\/wp\/v2\/types\/page"}],"author":[{"embeddable":true,"href":"https:\/\/www.outils-oceans.com\/blog\/wp-json\/wp\/v2\/users\/1"}],"replies":[{"embeddable":true,"href":"https:\/\/www.outils-oceans.com\/blog\/wp-json\/wp\/v2\/comments?post=356"}],"version-history":[{"count":26,"href":"https:\/\/www.outils-oceans.com\/blog\/wp-json\/wp\/v2\/pages\/356\/revisions"}],"predecessor-version":[{"id":4186,"href":"https:\/\/www.outils-oceans.com\/blog\/wp-json\/wp\/v2\/pages\/356\/revisions\/4186"}],"wp:attachment":[{"href":"https:\/\/www.outils-oceans.com\/blog\/wp-json\/wp\/v2\/media?parent=356"}],"curies":[{"name":"wp","href":"https:\/\/api.w.org\/{rel}","templated":true}]}}